{"id":22,"date":"2015-11-09T12:51:55","date_gmt":"2015-11-09T11:51:55","guid":{"rendered":"http:\/\/www.doppelgangerforlag.se\/?page_id=22"},"modified":"2018-12-26T00:49:36","modified_gmt":"2018-12-25T23:49:36","slug":"kontakt","status":"publish","type":"page","link":"https:\/\/www.doppelgangerforlag.se\/?page_id=22","title":{"rendered":"Kontakt"},"content":{"rendered":"<p><strong>Vill du kontakta f\u00f6rlaget?<\/strong><\/p>\n<p>info(a)doppelgangerforlag.se<\/p>\n<p><strong>Vill du recensera v\u00e5ra b\u00f6cker? Eller arbetar du i en bokhandel och vill ha l\u00e4sex?<br \/>\n<\/strong><\/p>\n<p>Skicka ett mejl till recex(a)doppelgangerforlag.se<\/p>\n","protected":false},"excerpt":{"rendered":"<p>Vill du kontakta f\u00f6rlaget? info(a)doppelgangerforlag.se Vill du recensera v\u00e5ra b\u00f6cker? Eller arbetar du i en bokhandel och vill ha l\u00e4sex? Skicka ett mejl till recex(a)doppelgangerforlag.se<\/p>\n","protected":false},"author":1,"featured_media":0,"parent":0,"menu_order":50,"comment_status":"closed","ping_status":"closed","template":"template-full-width.php","meta":[],"_links":{"self":[{"href":"https:\/\/www.doppelgangerforlag.se\/index.php?rest_route=\/wp\/v2\/pages\/22"}],"collection":[{"href":"https:\/\/www.doppelgangerforlag.se\/index.php?rest_route=\/wp\/v2\/pages"}],"about":[{"href":"https:\/\/www.doppelgangerforlag.se\/index.php?rest_route=\/wp\/v2\/types\/page"}],"author":[{"embeddable":true,"href":"https:\/\/www.doppelgangerforlag.se\/index.php?rest_route=\/wp\/v2\/users\/1"}],"replies":[{"embeddable":true,"href":"https:\/\/www.doppelgangerforlag.se\/index.php?rest_route=%2Fwp%2Fv2%2Fcomments&post=22"}],"version-history":[{"count":9,"href":"https:\/\/www.doppelgangerforlag.se\/index.php?rest_route=\/wp\/v2\/pages\/22\/revisions"}],"predecessor-version":[{"id":311,"href":"https:\/\/www.doppelgangerforlag.se\/index.php?rest_route=\/wp\/v2\/pages\/22\/revisions\/311"}],"wp:attachment":[{"href":"https:\/\/www.doppelgangerforlag.se\/index.php?rest_route=%2Fwp%2Fv2%2Fmedia&parent=22"}],"curies":[{"name":"wp","href":"https:\/\/api.w.org\/{rel}","templated":true}]}}