{"id":186,"date":"2016-08-12T11:26:38","date_gmt":"2016-08-12T10:26:38","guid":{"rendered":"http:\/\/www.doppelgangerforlag.se\/?page_id=186"},"modified":"2019-03-06T21:19:51","modified_gmt":"2019-03-06T20:19:51","slug":"joni-m-huttunen","status":"publish","type":"page","link":"https:\/\/www.doppelgangerforlag.se\/?page_id=186","title":{"rendered":"Joni Huttunen"},"content":{"rendered":"<p><a href=\"https:\/\/www.doppelgangerforlag.se\/wp-content\/uploads\/2016\/08\/IMG_6567.jpg\"><img loading=\"lazy\" class=\"alignleft wp-image-184\" src=\"https:\/\/www.doppelgangerforlag.se\/wp-content\/uploads\/2016\/08\/IMG_6567-480x280.jpg\" alt=\"Joni\" width=\"460\" height=\"315\" srcset=\"https:\/\/www.doppelgangerforlag.se\/wp-content\/uploads\/2016\/08\/IMG_6567-632x433.jpg 632w, https:\/\/www.doppelgangerforlag.se\/wp-content\/uploads\/2016\/08\/IMG_6567-768x526.jpg 768w, https:\/\/www.doppelgangerforlag.se\/wp-content\/uploads\/2016\/08\/IMG_6567-1020x699.jpg 1020w, https:\/\/www.doppelgangerforlag.se\/wp-content\/uploads\/2016\/08\/IMG_6567-956x655.jpg 956w\" sizes=\"(max-width: 460px) 100vw, 460px\" \/><\/a>Joni Huttunen \u00e4r f\u00f6dd 1980 och uppv\u00e4xt i Bollebygd. Han \u00e4r n\u00e5got av en m\u00e5ngsysslare och beroende p\u00e5 vad det \u00e4r f\u00f6r historia som ska ber\u00e4ttas v\u00e4xlar Joni mellan musik, filmskapande och det litter\u00e4ra skrivandet. P\u00e5 senare \u00e5r har han \u00e4gnat det skrivna ordet mer uppm\u00e4rksamhet och 2016 debuterade han med den suggestiva sp\u00f6khistorian <em>Barrfiolernas rike<\/em>.<\/p>\n<p><em>Elddjur<\/em> \u00e4r Jonis andra roman och r\u00f6r sig p\u00e5 m\u00e5nga s\u00e4tt i samma litter\u00e4ra landskap som debuten.<\/p>\n<p>Joni bor och verkar i G\u00f6teborg d\u00e4r han arbetar som teknisk skribent\/webbredakt\u00f6r och spelar bas med Centralst\u00f6det, Miklo och de n\u00e4rmast s\u00f6rjande och Rhythmus Modern. Som regiss\u00f6r\/manusf\u00f6rfattare har Joni gjort videor \u00e5t Mattias Hellberg, Christian Kjellvander, Kristofer \u00c5str\u00f6m, Cookies n Beans, Jaqee m.fl.<\/p>\n<p>Han \u00e4r utbildad inom regi\/filmproduktion och har en kandidatexamen inom Medie- och kommunikationsvetenskap.<\/p>\n<p>L\u00e4s mer om <a href=\"https:\/\/www.doppelgangerforlag.se\/?page_id=196\"><em>Barrfiolernas rike\u00a0<\/em><\/a>och <a href=\"https:\/\/www.doppelgangerforlag.se\/?page_id=313\"><em>Elddjur<\/em><\/a>.<\/p>\n","protected":false},"excerpt":{"rendered":"<p>Joni Huttunen \u00e4r f\u00f6dd 1980 och uppv\u00e4xt i Bollebygd. Han \u00e4r n\u00e5got av en m\u00e5ngsysslare och beroende p\u00e5 vad det \u00e4r f\u00f6r historia som ska ber\u00e4ttas v\u00e4xlar Joni mellan musik, filmskapande och det litter\u00e4ra skrivandet. P\u00e5 senare \u00e5r har han&#8230;<br \/><a class=\"read-more-button\" href=\"https:\/\/www.doppelgangerforlag.se\/?page_id=186\">Read more<\/a><\/p>\n","protected":false},"author":1,"featured_media":0,"parent":0,"menu_order":33,"comment_status":"closed","ping_status":"closed","template":"template-full-width.php","meta":[],"_links":{"self":[{"href":"https:\/\/www.doppelgangerforlag.se\/index.php?rest_route=\/wp\/v2\/pages\/186"}],"collection":[{"href":"https:\/\/www.doppelgangerforlag.se\/index.php?rest_route=\/wp\/v2\/pages"}],"about":[{"href":"https:\/\/www.doppelgangerforlag.se\/index.php?rest_route=\/wp\/v2\/types\/page"}],"author":[{"embeddable":true,"href":"https:\/\/www.doppelgangerforlag.se\/index.php?rest_route=\/wp\/v2\/users\/1"}],"replies":[{"embeddable":true,"href":"https:\/\/www.doppelgangerforlag.se\/index.php?rest_route=%2Fwp%2Fv2%2Fcomments&post=186"}],"version-history":[{"count":9,"href":"https:\/\/www.doppelgangerforlag.se\/index.php?rest_route=\/wp\/v2\/pages\/186\/revisions"}],"predecessor-version":[{"id":322,"href":"https:\/\/www.doppelgangerforlag.se\/index.php?rest_route=\/wp\/v2\/pages\/186\/revisions\/322"}],"wp:attachment":[{"href":"https:\/\/www.doppelgangerforlag.se\/index.php?rest_route=%2Fwp%2Fv2%2Fmedia&parent=186"}],"curies":[{"name":"wp","href":"https:\/\/api.w.org\/{rel}","templated":true}]}}